 36052033057 a composite number?
True
Is 383393587 prime?
False
Is 22481032333 prime?
False
Is 884364277 a prime number?
True
Is 3221186123 a prime number?
True
Is 678418819 composite?
True
Is 11757627814 composite?
True
Is 368313833597 prime?
False
Is 2607878017 a prime number?
True
Is 237836897 a prime number?
True
Is 25920983713 a prime number?
False
Is 19996352377 prime?
True
Is 21417439 prime?
False
Is 313842032083 composite?
False
Is 41720649071 prime?
False
Is 6869574211 prime?
True
Is 16012390393 composite?
False
Is 1637297839 composite?
False
Is 488045529767 a composite number?
False
Is 181391527 composite?
False
Is 6668853577 a prime number?
True
Is 14635791127 a prime number?
True
Is 2123660999 prime?
True
Is 1872234341 a composite number?
True
Is 1739148487 prime?
False
Is 2333151281 a composite number?
True
Is 1017299681 a prime number?
False
Is 316111583 prime?
False
Is 97886801 a composite number?
False
Is 6314169677 a prime number?
True
Is 5062210357 a prime number?
False
Is 32761340309 prime?
True
Is 1454223157 composite?
False
Is 184793047 a composite number?
True
Is 944533727 a composite number?
True
Is 122576332583 prime?
True
Is 25752539 a composite number?
False
Is 2781630479 a composite number?
False
Is 3005768231 a prime number?
True
Is 5356757779 composite?
True
Is 506933627 prime?
True
Is 23219265967 prime?
True
Is 2178566639 a composite number?
False
Is 4775765353 prime?
True
Is 1261530227 composite?
False
Is 16033546457 prime?
True
Is 9672695521 a prime number?
True
Is 3141173617 prime?
True
Is 5418395713 prime?
False
Is 2349533051 prime?
True
Is 55857739363 prime?
False
Is 11953556149 a composite number?
False
Is 71775089 prime?
False
Is 10315703353 a prime number?
True
Is 827838731 prime?
False
Is 154620446833 a prime number?
True
Is 568962553 a prime number?
False
Is 313732352621 a prime number?
True
Is 655837513 a prime number?
False
Is 25783892863 prime?
True
Is 1599736718 prime?
False
Is 2121879583 a composite number?
True
Is 38187607 a composite number?
False
Is 3930932261 a prime number?
True
Is 8027323043 prime?
True
Is 248051650769 a prime number?
False
Is 5570730563 a composite number?
False
Is 4961130197 composite?
False
Is 167775026 composite?
True
Is 5487184267 prime?
False
Is 59705089 a composite number?
True
Is 3349633447 a composite number?
False
Is 756408223 prime?
False
Is 5723748839 a prime number?
False
Is 682481759 prime?
True
Is 103807060957 a prime number?
True
Is 9568745833 a prime number?
True
Is 666082631 prime?
True
Is 41302087 prime?
False
Is 4597233101 prime?
False
Is 77445349271 a prime number?
True
Is 10172210969 composite?
True
Is 3878725867 prime?
True
Is 1030082431 a prime number?
False
Is 1088874467 a prime number?
True
Is 1453682863 composite?
True
Is 51045893 prime?
False
Is 30473259287 a composite number?
True
Is 120133669505 a composite number?
True
Is 66665971759 composite?
False
Is 4514659243 a prime number?
False
Is 45804257347 prime?
True
Is 97080316699 composite?
False
Is 16327016653 a composite number?
False
Is 3867103211 prime?
False
Is 4299622501 composite?
False
Is 12621542485 a composite number?
True
Is 8662879877 composite?
False
Is 595775987 a prime number?
False
Is 30499233 a composite number?
True
Is 10157253607 a composite number?
False
Is 5945990459 a prime number?
True
Is 784167877 a prime number?
True
Is 77937407 prime?
False
Is 2096129131 a composite number?
False
Is 872429861 composite?
False
Is 13255895362 composite?
True
Is 1621046477 composite?
True
Is 65540805637 a prime number?
True
Is 3350643361 composite?
True
Is 26977016251 prime?
True
Is 4813732663 composite?
True
Is 85652046539 composite?
False
Is 24067252309 a composite number?
False
Is 42973401473 composite?
True
Is 12076545874 composite?
True
Is 59420028721 a composite number?
True
Is 6997927555 prime?
False
Is 66410656231 a composite number?
True
Is 2008060877 prime?
False
Is 19111118693 prime?
True
Is 1051412459 a prime number?
True
Is 175215287605 a composite number?
True
Is 23541967481 a composite number?
True
Is 16075399589 a prime number?
False
Is 23467761957 a composite number?
True
Is 301789298221 a prime number?
False
Is 58896133217 a composite number?
False
Is 2749365127 prime?
False
Is 1291402667 a prime number?
True
Is 3886674838 composite?
True
Is 1418148217 prime?
True
Is 3676592071 prime?
False
Is 17901440521 composite?
True
Is 65819771 prime?
False
Is 2576240621 a composite number?
True
Is 1776002413 a prime number?
True
Is 89959786997 prime?
False
Is 552254957 a composite number?
False
Is 1262339297 prime?
False
Is 2319830903 prime?
False
Is 26366941753 a prime number?
False
Is 384698063 composite?
True
Is 3308363407 prime?
False
Is 23216660661 a composite number?
True
Is 4031954123 composite?
True
Is 4431423923 prime?
False
Is 112787577391 a composite number?
True
Is 838616299 composite?
False
Is 322162339955 composite?
True
Is 45142802297 a prime number?
False
Is 234849059 prime?
True
Is 496045049 composite?
False
Is 3150769441 a prime number?
False
Is 126126391 composite?
False
Is 310255459 prime?
True
Is 631407719 a prime number?
False
Is 2824703939 a prime number?
True
Is 63385712594 a composite number?
True
Is 19574145413 a composite number?
True
Is 542520613 composite?
True
Is 29611965281 prime?
True
Is 5490959567 composite?
False
Is 1356018827 a prime number?
True
Is 3517138213 a composite number?
False
Is 1226925373 a composite number?
True
Is 13570426957 a prime number?
True
Is 1706864459 composite?
True
Is 84684465139 prime?
True
Is 128552703031 prime?
False
Is 6658279777 a prime number?
False
Is 684891451 a composite number?
True
Is 1531003373 a composite number?
False
Is 25526634907 prime?
True
Is 83092822 a prime number?
False
Is 118885429 a composite number?
True
Is 601403993 a prime number?
False
Is 17337360883 a prime number?
True
Is 2521812269 a composite number?
False
Is 4112318129 a prime number?
True
Is 655197281 a prime number?
True
Is 1779189323 a composite number?
False
Is 617694433 a composite number?
True
Is 3671255006 a prime number?
False
Is 361834093 prime?
True
Is 19353436643 a prime number?
True
Is 110462601 a composite number?
True
Is 3615036173 a composite number?
True
Is 82425969061 composite?
False
Is 31989771179 composite?
True
Is 2811903095 a composite number?
True
Is 216875221877 prime?
False
Is 5851100067 prime?
False
Is 8011863529 composite?
True
Is 333743323 prime?
False
Is 21794360795 prime?
False
Is 1902314098 a composite number?
True
Is 117868864337 a prime number?
False
Is 249334117 a composite number?
False
Is 23102731 a composite number?
False
Is 459265901 composite?
False
Is 1176391057 a composite number?
False
Is 38994290299 composite?
False
Is 105703014019 prime?
False
Is 126827826031 a composite number?
False
Is 49736173 a prime number?
False
Is 473973569 a prime number?
False
Is 1097552627 a composite number?
True
Is 1178336083 a composite number?
False
Is 47026423 a composite number?
True
Is 12984695803 prime?
True
Is 2821860883 a prime number?
False
Is 89834213369 composite?
False
Is 587099039 prime?
True
Is 28889062459 prime?
True
Is 7114953529 a composite number?
True
Is 20553129097 composite?
False
Is 150198102811 prime?
True
Is 15221257197 prime?
False
Is 424293539 a composite number?
False
Is 34170180859 a composite number?
False
Is 41046515611 a prime number?
False
Is 714347113 a prime number?
True
Is 3985694027 a composite number?
True
Is 8915671357 a composite number?
True
Is 1210830617 a composite number?
False
Is 285566248463 a prime number?
True
Is 2436049601 a prime number?
False
Is 567375607 composite?
True
Is 32522368081 composite?
True
Is 6130000094 a prime number?
False
Is 890046593 composite?
False
Is 1679703283 a composite number?
False
Is 66607668689 a composite number?
False
Is 189692677 prime?
True
Is 387044473 composite?
False
Is 43331019409 a composite number?
True
Is 359449235 composite?
True
Is 12287872811 a prime number?
False
Is 1944857773 a composite number?
True
Is 151403362853 composite?
False
Is 157430062 composite?
True
Is 3199356311 a prime number?
False
Is 283075967 prime?
False
Is 28937086181 prime?
True
Is 4796213351 a prime number?
True
Is 30138802907 prime?
True
Is 3434115599 a prim